{"id":237104,"date":"2021-05-28T10:01:07","date_gmt":"2021-05-28T10:01:07","guid":{"rendered":"https:\/\/aeal.eu\/origens\/"},"modified":"2021-07-21T14:18:59","modified_gmt":"2021-07-21T14:18:59","slug":"origens","status":"publish","type":"page","link":"https:\/\/aeal.eu\/ca\/origens\/","title":{"rendered":"Or\u00edgens"},"content":{"rendered":"<p>[et_pb_section fb_built=&#8221;1&#8243; custom_padding_last_edited=&#8221;on|desktop&#8221; admin_label=&#8221;Header&#8221; _builder_version=&#8221;4.7.1&#8243; use_background_color_gradient=&#8221;on&#8221; background_color_gradient_start=&#8221;#ffffff&#8221; background_color_gradient_end=&#8221;rgba(255,255,255,0)&#8221; background_color_gradient_direction=&#8221;90deg&#8221; background_color_gradient_start_position=&#8221;15%&#8221; background_image=&#8221;https:\/\/aeal.eu\/wp-content\/uploads\/2020\/11\/johnny-mcclung-RjdoQxJ7-5k-unsplash-min.jpg&#8221; background_blend=&#8221;overlay&#8221; custom_padding=&#8221;110px||||false|false&#8221; custom_padding_tablet=&#8221;140px|0px|50px|0px|false|false&#8221; custom_padding_phone=&#8221;120px|||&#8221;][et_pb_row column_structure=&#8221;1_2,1_2&#8243; _builder_version=&#8221;3.25&#8243; max_width=&#8221;1280px&#8221; use_custom_width=&#8221;on&#8221; custom_width_px=&#8221;1280px&#8221;][et_pb_column type=&#8221;1_2&#8243; _builder_version=&#8221;3.25&#8243; custom_padding=&#8221;|||&#8221; custom_padding__hover=&#8221;|||&#8221;][et_pb_text _builder_version=&#8221;4.7.2&#8243; text_font_size=&#8221;18px&#8221; header_4_text_color=&#8221;#3e4368&#8243;]<\/p>\n<h1>Or\u00edgens d&#8217;AEAL<\/h1>\n<p>[\/et_pb_text][\/et_pb_column][et_pb_column type=&#8221;1_2&#8243; _builder_version=&#8221;3.25&#8243; custom_padding=&#8221;|||&#8221; custom_padding__hover=&#8221;|||&#8221;][\/et_pb_column][\/et_pb_row][\/et_pb_section][et_pb_section fb_built=&#8221;1&#8243; admin_label=&#8221;About Us&#8221; _builder_version=&#8221;3.22&#8243;][et_pb_row column_structure=&#8221;1_2,1_2&#8243; _builder_version=&#8221;4.7.2&#8243; custom_padding=&#8221;||||false|false&#8221; custom_width_px=&#8221;1280px&#8221;][et_pb_column type=&#8221;1_2&#8243; _builder_version=&#8221;4.7.2&#8243; custom_padding=&#8221;2%||||false|false&#8221; custom_padding_tablet=&#8221;0px|||&#8221; custom_padding_phone=&#8221;&#8221; custom_padding_last_edited=&#8221;on|tablet&#8221; padding_tablet=&#8221;0px|||&#8221; padding_last_edited=&#8221;on|tablet&#8221; custom_padding__hover=&#8221;|||&#8221;][et_pb_text _builder_version=&#8221;4.7.2&#8243; ul_font=&#8221;||||||||&#8221; ol_font=&#8221;||||||||&#8221; header_2_font=&#8221;EB Garamond||||||||&#8221; header_2_font_size=&#8221;50px&#8221; header_2_line_height=&#8221;1.3em&#8221; header_4_text_color=&#8221;#ffdaa4&#8243; header_5_font=&#8221;||||||||&#8221; header_6_font=&#8221;||||||||&#8221; header_2_font_size_tablet=&#8221;40px&#8221; header_2_font_size_phone=&#8221;30px&#8221; header_2_font_size_last_edited=&#8221;on|phone&#8221; locked=&#8221;off&#8221;]<\/p>\n<p>Una de les primers fites en la conformaci\u00f3 d&#8217;un espai proper de reuni\u00f3 pels que estudiem l&#8217;adquisici\u00f3 del llenguatge es remunta al First International Congress of Applied Psycholinguistics, celebrat a Barcelona al juny de 1985, sota la presid\u00e8ncia del Dr. Miguel Sigu\u00e1n. Probablement aquesta va ser la primera ocasi\u00f3 en qu\u00e8 v\u00e0rem poder contactar els interessats en l&#8217;adquisici\u00f3 de el llenguatge en una trobada internacional a la qu\u00e8 varen assistir prestigiosos especialistes de la Psicoling\u00fc\u00edstica. Posteriorment, va haver altres espais en els que els que investiguem en l&#8217;\u00e0mbit de la psicoling\u00fc\u00edstica evolutiva particip\u00e0vem, per\u00f2 cap tan espec\u00edfica com els congressos de l\u2019IASCL (International Association for the Study of Child Language). <\/p>\n<p>[\/et_pb_text][\/et_pb_column][et_pb_column type=&#8221;1_2&#8243; _builder_version=&#8221;3.25&#8243; custom_padding=&#8221;|||&#8221; custom_padding__hover=&#8221;|||&#8221;][et_pb_image src=&#8221;https:\/\/aeal.eu\/wp-content\/uploads\/2020\/11\/kaspars-upmanis-nD2WzCZrlLE-unsplash.jpg&#8221; title_text=&#8221;kaspars-upmanis-nD2WzCZrlLE-unsplash&#8221; align_tablet=&#8221;center&#8221; align_phone=&#8221;&#8221; align_last_edited=&#8221;on|desktop&#8221; _builder_version=&#8221;4.7.2&#8243;][\/et_pb_image][\/et_pb_column][\/et_pb_row][et_pb_row column_structure=&#8221;1_2,1_2&#8243; _builder_version=&#8221;4.7.2&#8243; custom_width_px=&#8221;1280px&#8221;][et_pb_column type=&#8221;1_2&#8243; _builder_version=&#8221;4.7.2&#8243; custom_padding=&#8221;||||false|false&#8221; custom_padding_tablet=&#8221;0px|||&#8221; custom_padding_phone=&#8221;&#8221; custom_padding_last_edited=&#8221;on|tablet&#8221; padding_tablet=&#8221;0px|||&#8221; padding_last_edited=&#8221;on|tablet&#8221; custom_padding__hover=&#8221;|||&#8221;][et_pb_image src=&#8221;https:\/\/aeal.eu\/wp-content\/uploads\/2020\/11\/joakim-honkasalo-DurC25GdOvk-unsplash.jpg&#8221; title_text=&#8221;joakim-honkasalo-DurC25GdOvk-unsplash&#8221; align_tablet=&#8221;center&#8221; align_phone=&#8221;&#8221; align_last_edited=&#8221;on|desktop&#8221; _builder_version=&#8221;4.7.2&#8243; animation_style=&#8221;zoom&#8221; animation_intensity_zoom=&#8221;2%&#8221;][\/et_pb_image][\/et_pb_column][et_pb_column type=&#8221;1_2&#8243; _builder_version=&#8221;4.7.2&#8243; custom_padding=&#8221;2%||||false|false&#8221; custom_padding__hover=&#8221;|||&#8221;][et_pb_text _builder_version=&#8221;4.7.2&#8243; ul_font=&#8221;||||||||&#8221; ol_font=&#8221;||||||||&#8221; header_2_font=&#8221;EB Garamond||||||||&#8221; header_2_font_size=&#8221;50px&#8221; header_2_line_height=&#8221;1.3em&#8221; header_4_text_color=&#8221;#ffdaa4&#8243; header_5_font=&#8221;||||||||&#8221; header_6_font=&#8221;||||||||&#8221; header_2_font_size_tablet=&#8221;40px&#8221; header_2_font_size_phone=&#8221;30px&#8221; header_2_font_size_last_edited=&#8221;on|phone&#8221; locked=&#8221;off&#8221;]<\/p>\n<p>Aquests van constituir un excel\u00b7lent punt de trobada amb col\u00b7legues d&#8217;altres pa\u00efsos i ens van posar en contacte amb una organitzaci\u00f3 internacional que aplegava m\u00e9s d&#8217;un miler d&#8217;especialistes en el m\u00f3n. El primer amb certa pres\u00e8ncia d&#8217;investigadors d&#8217;Espanya va ser el de Budapest (1990), i a aquest van seguir els de Trieste (1993), Istanbul (1996), Sant Sebasti\u00e0 (1999), Madison (2002) i Berl\u00edn (2005). De tots ells va tenir per a nosaltres una especial rellev\u00e0ncia el VIII congr\u00e9s de l\u2019IASCL celebrat a Sant Sebasti\u00e0 al juliol de 1999, presidit per Itziar Idiazabal, i en el que els col\u00b7legues del Pa\u00eds Basc van realitzar una excel\u00b7lent tasca que va prestigiar a tots.<\/p>\n<p>[\/et_pb_text][\/et_pb_column][\/et_pb_row][et_pb_row column_structure=&#8221;1_2,1_2&#8243; _builder_version=&#8221;4.7.2&#8243; custom_width_px=&#8221;1280px&#8221;][et_pb_column type=&#8221;1_2&#8243; _builder_version=&#8221;4.7.2&#8243; custom_padding=&#8221;2%||||false|false&#8221; custom_padding_tablet=&#8221;0px|||&#8221; custom_padding_phone=&#8221;&#8221; custom_padding_last_edited=&#8221;on|tablet&#8221; padding_tablet=&#8221;0px|||&#8221; padding_last_edited=&#8221;on|tablet&#8221; custom_padding__hover=&#8221;|||&#8221;][et_pb_text _builder_version=&#8221;4.7.2&#8243; ul_font=&#8221;||||||||&#8221; ol_font=&#8221;||||||||&#8221; header_2_font=&#8221;EB Garamond||||||||&#8221; header_2_font_size=&#8221;50px&#8221; header_2_line_height=&#8221;1.3em&#8221; header_4_text_color=&#8221;#ffdaa4&#8243; header_5_font=&#8221;||||||||&#8221; header_6_font=&#8221;||||||||&#8221; header_2_font_size_tablet=&#8221;40px&#8221; header_2_font_size_phone=&#8221;30px&#8221; header_2_font_size_last_edited=&#8221;on|phone&#8221; locked=&#8221;off&#8221;]Sens dubte, els or\u00edgens m\u00e9s propers i immediats d\u2019AEAL es troben en l&#8217;organitzaci\u00f3 d&#8217;una s\u00e8rie de congressos sobre l&#8217;adquisici\u00f3 de les lleng\u00fces de l&#8217;estat espanyol. Al setembre de 1995 es va organitzar a Santiago de Compostela la I Trobada Internacional sobre Adquisici\u00f3 de les Lleng\u00fces de l&#8217; Estat , que va ser presidida Miquel P\u00e9rez Pereira. Aquest va ser el primer d&#8217;una s\u00e8rie de Congressos que van reunir als que estudi\u00e0vem l&#8217;adquisici\u00f3 del llenguatge en el nostre context cultural, incloent-hi tamb\u00e9 a col\u00b7legues del continent americ\u00e0. Els seg\u00fcents van tenir lloc a Barcelona al 1998, sent presidenta Carme Triad\u00f3, a M\u00e0laga al 2001, del que va ser president Miquel A. Galeote, a Salamanca al 2004, essent presidenta M. \u00c0ngels Mayor Cinca, a Oviedo al setembre de 2007 sota la presid\u00e8ncia d&#8217;Eliseo D\u00edez Itza, a Barcelona al setembre de 2010, essent presidentes Liliana Tolchinsky i Aurora Bel, a Bilbao al 2013, presidit per Itziar Idiazabal, a Palma al 2016 presidit per Eva Aguilar-Mediavilla, i a Madrid al 2019 presidit per Vict\u00f2ria Marrero.[\/et_pb_text][\/et_pb_column][et_pb_column type=&#8221;1_2&#8243; _builder_version=&#8221;3.25&#8243; custom_padding=&#8221;|||&#8221; custom_padding__hover=&#8221;|||&#8221;][et_pb_image src=&#8221;https:\/\/aeal.eu\/wp-content\/uploads\/2020\/11\/mikael-kristenson-3aVlWP-7bg8-unsplash.jpg&#8221; title_text=&#8221;mikael-kristenson-3aVlWP-7bg8-unsplash&#8221; align_tablet=&#8221;center&#8221; align_phone=&#8221;&#8221; align_last_edited=&#8221;on|desktop&#8221; _builder_version=&#8221;4.7.2&#8243;][\/et_pb_image][\/et_pb_column][\/et_pb_row][et_pb_row column_structure=&#8221;1_2,1_2&#8243; _builder_version=&#8221;4.7.2&#8243; custom_width_px=&#8221;1280px&#8221;][et_pb_column type=&#8221;1_2&#8243; _builder_version=&#8221;4.7.2&#8243; custom_padding=&#8221;||||false|false&#8221; custom_padding_tablet=&#8221;0px|||&#8221; custom_padding_phone=&#8221;&#8221; custom_padding_last_edited=&#8221;on|tablet&#8221; padding_tablet=&#8221;0px|||&#8221; padding_last_edited=&#8221;on|tablet&#8221; custom_padding__hover=&#8221;|||&#8221;][et_pb_image src=&#8221;https:\/\/aeal.eu\/wp-content\/uploads\/2020\/11\/elcarito-hPRXeiQQ4-s-unsplash.jpg&#8221; title_text=&#8221;elcarito-hPRXeiQQ4-s-unsplash&#8221; align_tablet=&#8221;center&#8221; align_phone=&#8221;&#8221; align_last_edited=&#8221;on|desktop&#8221; _builder_version=&#8221;4.7.2&#8243; animation_style=&#8221;zoom&#8221; animation_intensity_zoom=&#8221;2%&#8221;][\/et_pb_image][\/et_pb_column][et_pb_column type=&#8221;1_2&#8243; _builder_version=&#8221;4.7.2&#8243; custom_padding=&#8221;2%||||false|false&#8221; custom_padding__hover=&#8221;|||&#8221;][et_pb_text _builder_version=&#8221;4.7.2&#8243; ul_font=&#8221;||||||||&#8221; ol_font=&#8221;||||||||&#8221; header_2_font=&#8221;EB Garamond||||||||&#8221; header_2_font_size=&#8221;50px&#8221; header_2_line_height=&#8221;1.3em&#8221; header_4_text_color=&#8221;#ffdaa4&#8243; header_5_font=&#8221;||||||||&#8221; header_6_font=&#8221;||||||||&#8221; header_2_font_size_tablet=&#8221;40px&#8221; header_2_font_size_phone=&#8221;30px&#8221; header_2_font_size_last_edited=&#8221;on|phone&#8221; locked=&#8221;off&#8221;]Aquests congressos han estat el germen de l&#8217;associaci\u00f3, ja que va permetre reunir molts investigadors amb interessos comuns i va evidenciar la necessitat d&#8217;una organitzaci\u00f3 estable que fos la responsable de la preparaci\u00f3 dels congressos, que fins aquell moment havien respost a una iniciativa bastant espont\u00e0nia. Al congr\u00e9s celebrat a Salamanca (2004) es va adoptar la decisi\u00f3 de donar els passos per formar l&#8217;Associaci\u00f3 per a l&#8217;Estudi de al Desenvolupament del Llenguatge (AEAL). Aprofitant el congr\u00e9s de l\u2019IASCL a Berl\u00edn (2005) v\u00e0rem fixar la data per a l&#8217;Assemblea Constituent, que va tenir lloc finalment a Santiago de Compostela el 18 de novembre de 2005. AEAL va ser aprovada pel Ministeri de l&#8217;Interior i registrada en el Registre d&#8217;Associacions el 3 de febrer del 2006.[\/et_pb_text][\/et_pb_column][\/et_pb_row][\/et_pb_section]<\/p>\n","protected":false},"excerpt":{"rendered":"<p>Or\u00edgens d&#8217;AEALUna de les primers fites en la conformaci\u00f3 d&#8217;un espai proper de reuni\u00f3 pels que estudiem l&#8217;adquisici\u00f3 del llenguatge es remunta al First International Congress of Applied Psycholinguistics, celebrat a Barcelona al juny de 1985, sota la presid\u00e8ncia del Dr. Miguel Sigu\u00e1n. Probablement aquesta va ser la primera ocasi\u00f3 en qu\u00e8 v\u00e0rem poder contactar [&hellip;]<\/p>\n","protected":false},"author":1,"featured_media":0,"parent":0,"menu_order":0,"comment_status":"closed","ping_status":"closed","template":"","meta":{"_et_pb_use_builder":"on","_et_pb_old_content":"","_et_gb_content_width":"","footnotes":""},"_links":{"self":[{"href":"https:\/\/aeal.eu\/ca\/wp-json\/wp\/v2\/pages\/237104"}],"collection":[{"href":"https:\/\/aeal.eu\/ca\/wp-json\/wp\/v2\/pages"}],"about":[{"href":"https:\/\/aeal.eu\/ca\/wp-json\/wp\/v2\/types\/page"}],"author":[{"embeddable":true,"href":"https:\/\/aeal.eu\/ca\/wp-json\/wp\/v2\/users\/1"}],"replies":[{"embeddable":true,"href":"https:\/\/aeal.eu\/ca\/wp-json\/wp\/v2\/comments?post=237104"}],"version-history":[{"count":8,"href":"https:\/\/aeal.eu\/ca\/wp-json\/wp\/v2\/pages\/237104\/revisions"}],"predecessor-version":[{"id":238052,"href":"https:\/\/aeal.eu\/ca\/wp-json\/wp\/v2\/pages\/237104\/revisions\/238052"}],"wp:attachment":[{"href":"https:\/\/aeal.eu\/ca\/wp-json\/wp\/v2\/media?parent=237104"}],"curies":[{"name":"wp","href":"https:\/\/api.w.org\/{rel}","templated":true}]}}

Orígens

<p>[et_pb_section fb_built=&#8221;1&#8243; custom_padding_last_edited=&#8221;on|desktop&#8221; admin_label=&#8221;Header&#8221; _builder_version=&#8221;4.7.1&#8243; use_background_color_gradient=&#8221;on&#8221; background_color_gradient_start=&#8221;#ffffff&#8221; background_color_gradient_end=&#8221;rgba(255,255,255,0)&#8221; background_color_gradient_direction=&#8221;90deg&#8221; background_color_gradient_start_position=&#8221;15%&#8221; background_image=&#8221;https://aeal.eu/wp-content/uploads/2020/11/johnny-mcclung-RjdoQxJ7-5k-unsplash-min.jpg&#8221; background_blend=&#8221;overlay&#8221; custom_padding=&#8221;110px||||false|false&#8221; custom_padding_tablet=&#8221;140px|0px|50px|0px|false|false&#8221; custom_padding_phone=&#8221;120px|||&#8221;][et_pb_row column_structure=&#8221;1_2,1_2&#8243; _builder_version=&#8221;3.25&#8243; max_width=&#8221;1280px&#8221; use_custom_width=&#8221;on&#8221; custom_width_px=&#8221;1280px&#8221;][et_pb_column type=&#8221;1_2&#8243; _builder_version=&#8221;3.25&#8243; custom_padding=&#8221;|||&#8221; custom_padding__hover=&#8221;|||&#8221;][et_pb_text _builder_version=&#8221;4.7.2&#8243; text_font_size=&#8221;18px&#8221; header_4_text_color=&#8221;#3e4368&#8243;]</p>
<h1>Orígens d&#8217;AEAL</h1>
<p>[/et_pb_text][/et_pb_column][et_pb_column type=&#8221;1_2&#8243; _builder_version=&#8221;3.25&#8243; custom_padding=&#8221;|||&#8221; custom_padding__hover=&#8221;|||&#8221;][/et_pb_column][/et_pb_row][/et_pb_section][et_pb_section fb_built=&#8221;1&#8243; admin_label=&#8221;About Us&#8221; _builder_version=&#8221;3.22&#8243;][et_pb_row column_structure=&#8221;1_2,1_2&#8243; _builder_version=&#8221;4.7.2&#8243; custom_padding=&#8221;||||false|false&#8221; custom_width_px=&#8221;1280px&#8221;][et_pb_column type=&#8221;1_2&#8243; _builder_version=&#8221;4.7.2&#8243; custom_padding=&#8221;2%||||false|false&#8221; custom_padding_tablet=&#8221;0px|||&#8221; custom_padding_phone=&#8221;&#8221; custom_padding_last_edited=&#8221;on|tablet&#8221; padding_tablet=&#8221;0px|||&#8221; padding_last_edited=&#8221;on|tablet&#8221; custom_padding__hover=&#8221;|||&#8221;][et_pb_text _builder_version=&#8221;4.7.2&#8243; ul_font=&#8221;||||||||&#8221; ol_font=&#8221;||||||||&#8221; header_2_font=&#8221;EB Garamond||||||||&#8221; header_2_font_size=&#8221;50px&#8221; header_2_line_height=&#8221;1.3em&#8221; header_4_text_color=&#8221;#ffdaa4&#8243; header_5_font=&#8221;||||||||&#8221; header_6_font=&#8221;||||||||&#8221; header_2_font_size_tablet=&#8221;40px&#8221; header_2_font_size_phone=&#8221;30px&#8221; header_2_font_size_last_edited=&#8221;on|phone&#8221; locked=&#8221;off&#8221;]</p>
<p>Una de les primers fites en la conformació d&#8217;un espai proper de reunió pels que estudiem l&#8217;adquisició del llenguatge es remunta al First International Congress of Applied Psycholinguistics, celebrat a Barcelona al juny de 1985, sota la presidència del Dr. Miguel Siguán. Probablement aquesta va ser la primera ocasió en què vàrem poder contactar els interessats en l&#8217;adquisició de el llenguatge en una trobada internacional a la què varen assistir prestigiosos especialistes de la Psicolingüística. Posteriorment, va haver altres espais en els que els que investiguem en l&#8217;àmbit de la psicolingüística evolutiva participàvem, però cap tan específica com els congressos de l’IASCL (International Association for the Study of Child Language). </p>
<p>[/et_pb_text][/et_pb_column][et_pb_column type=&#8221;1_2&#8243; _builder_version=&#8221;3.25&#8243; custom_padding=&#8221;|||&#8221; custom_padding__hover=&#8221;|||&#8221;][et_pb_image src=&#8221;https://aeal.eu/wp-content/uploads/2020/11/kaspars-upmanis-nD2WzCZrlLE-unsplash.jpg&#8221; title_text=&#8221;kaspars-upmanis-nD2WzCZrlLE-unsplash&#8221; align_tablet=&#8221;center&#8221; align_phone=&#8221;&#8221; align_last_edited=&#8221;on|desktop&#8221; _builder_version=&#8221;4.7.2&#8243;][/et_pb_image][/et_pb_column][/et_pb_row][et_pb_row column_structure=&#8221;1_2,1_2&#8243; _builder_version=&#8221;4.7.2&#8243; custom_width_px=&#8221;1280px&#8221;][et_pb_column type=&#8221;1_2&#8243; _builder_version=&#8221;4.7.2&#8243; custom_padding=&#8221;||||false|false&#8221; custom_padding_tablet=&#8221;0px|||&#8221; custom_padding_phone=&#8221;&#8221; custom_padding_last_edited=&#8221;on|tablet&#8221; padding_tablet=&#8221;0px|||&#8221; padding_last_edited=&#8221;on|tablet&#8221; custom_padding__hover=&#8221;|||&#8221;][et_pb_image src=&#8221;https://aeal.eu/wp-content/uploads/2020/11/joakim-honkasalo-DurC25GdOvk-unsplash.jpg&#8221; title_text=&#8221;joakim-honkasalo-DurC25GdOvk-unsplash&#8221; align_tablet=&#8221;center&#8221; align_phone=&#8221;&#8221; align_last_edited=&#8221;on|desktop&#8221; _builder_version=&#8221;4.7.2&#8243; animation_style=&#8221;zoom&#8221; animation_intensity_zoom=&#8221;2%&#8221;][/et_pb_image][/et_pb_column][et_pb_column type=&#8221;1_2&#8243; _builder_version=&#8221;4.7.2&#8243; custom_padding=&#8221;2%||||false|false&#8221; custom_padding__hover=&#8221;|||&#8221;][et_pb_text _builder_version=&#8221;4.7.2&#8243; ul_font=&#8221;||||||||&#8221; ol_font=&#8221;||||||||&#8221; header_2_font=&#8221;EB Garamond||||||||&#8221; header_2_font_size=&#8221;50px&#8221; header_2_line_height=&#8221;1.3em&#8221; header_4_text_color=&#8221;#ffdaa4&#8243; header_5_font=&#8221;||||||||&#8221; header_6_font=&#8221;||||||||&#8221; header_2_font_size_tablet=&#8221;40px&#8221; header_2_font_size_phone=&#8221;30px&#8221; header_2_font_size_last_edited=&#8221;on|phone&#8221; locked=&#8221;off&#8221;]</p>
<p>Aquests van constituir un excel·lent punt de trobada amb col·legues d&#8217;altres països i ens van posar en contacte amb una organització internacional que aplegava més d&#8217;un miler d&#8217;especialistes en el món. El primer amb certa presència d&#8217;investigadors d&#8217;Espanya va ser el de Budapest (1990), i a aquest van seguir els de Trieste (1993), Istanbul (1996), Sant Sebastià (1999), Madison (2002) i Berlín (2005). De tots ells va tenir per a nosaltres una especial rellevància el VIII congrés de l’IASCL celebrat a Sant Sebastià al juliol de 1999, presidit per Itziar Idiazabal, i en el que els col·legues del País Basc van realitzar una excel·lent tasca que va prestigiar a tots.</p>
<p>[/et_pb_text][/et_pb_column][/et_pb_row][et_pb_row column_structure=&#8221;1_2,1_2&#8243; _builder_version=&#8221;4.7.2&#8243; custom_width_px=&#8221;1280px&#8221;][et_pb_column type=&#8221;1_2&#8243; _builder_version=&#8221;4.7.2&#8243; custom_padding=&#8221;2%||||false|false&#8221; custom_padding_tablet=&#8221;0px|||&#8221; custom_padding_phone=&#8221;&#8221; custom_padding_last_edited=&#8221;on|tablet&#8221; padding_tablet=&#8221;0px|||&#8221; padding_last_edited=&#8221;on|tablet&#8221; custom_padding__hover=&#8221;|||&#8221;][et_pb_text _builder_version=&#8221;4.7.2&#8243; ul_font=&#8221;||||||||&#8221; ol_font=&#8221;||||||||&#8221; header_2_font=&#8221;EB Garamond||||||||&#8221; header_2_font_size=&#8221;50px&#8221; header_2_line_height=&#8221;1.3em&#8221; header_4_text_color=&#8221;#ffdaa4&#8243; header_5_font=&#8221;||||||||&#8221; header_6_font=&#8221;||||||||&#8221; header_2_font_size_tablet=&#8221;40px&#8221; header_2_font_size_phone=&#8221;30px&#8221; header_2_font_size_last_edited=&#8221;on|phone&#8221; locked=&#8221;off&#8221;]Sens dubte, els orígens més propers i immediats d’AEAL es troben en l&#8217;organització d&#8217;una sèrie de congressos sobre l&#8217;adquisició de les llengües de l&#8217;estat espanyol. Al setembre de 1995 es va organitzar a Santiago de Compostela la I Trobada Internacional sobre Adquisició de les Llengües de l&#8217; Estat , que va ser presidida Miquel Pérez Pereira. Aquest va ser el primer d&#8217;una sèrie de Congressos que van reunir als que estudiàvem l&#8217;adquisició del llenguatge en el nostre context cultural, incloent-hi també a col·legues del continent americà. Els següents van tenir lloc a Barcelona al 1998, sent presidenta Carme Triadó, a Màlaga al 2001, del que va ser president Miquel A. Galeote, a Salamanca al 2004, essent presidenta M. Àngels Mayor Cinca, a Oviedo al setembre de 2007 sota la presidència d&#8217;Eliseo Díez Itza, a Barcelona al setembre de 2010, essent presidentes Liliana Tolchinsky i Aurora Bel, a Bilbao al 2013, presidit per Itziar Idiazabal, a Palma al 2016 presidit per Eva Aguilar-Mediavilla, i a Madrid al 2019 presidit per Victòria Marrero.[/et_pb_text][/et_pb_column][et_pb_column type=&#8221;1_2&#8243; _builder_version=&#8221;3.25&#8243; custom_padding=&#8221;|||&#8221; custom_padding__hover=&#8221;|||&#8221;][et_pb_image src=&#8221;https://aeal.eu/wp-content/uploads/2020/11/mikael-kristenson-3aVlWP-7bg8-unsplash.jpg&#8221; title_text=&#8221;mikael-kristenson-3aVlWP-7bg8-unsplash&#8221; align_tablet=&#8221;center&#8221; align_phone=&#8221;&#8221; align_last_edited=&#8221;on|desktop&#8221; _builder_version=&#8221;4.7.2&#8243;][/et_pb_image][/et_pb_column][/et_pb_row][et_pb_row column_structure=&#8221;1_2,1_2&#8243; _builder_version=&#8221;4.7.2&#8243; custom_width_px=&#8221;1280px&#8221;][et_pb_column type=&#8221;1_2&#8243; _builder_version=&#8221;4.7.2&#8243; custom_padding=&#8221;||||false|false&#8221; custom_padding_tablet=&#8221;0px|||&#8221; custom_padding_phone=&#8221;&#8221; custom_padding_last_edited=&#8221;on|tablet&#8221; padding_tablet=&#8221;0px|||&#8221; padding_last_edited=&#8221;on|tablet&#8221; custom_padding__hover=&#8221;|||&#8221;][et_pb_image src=&#8221;https://aeal.eu/wp-content/uploads/2020/11/elcarito-hPRXeiQQ4-s-unsplash.jpg&#8221; title_text=&#8221;elcarito-hPRXeiQQ4-s-unsplash&#8221; align_tablet=&#8221;center&#8221; align_phone=&#8221;&#8221; align_last_edited=&#8221;on|desktop&#8221; _builder_version=&#8221;4.7.2&#8243; animation_style=&#8221;zoom&#8221; animation_intensity_zoom=&#8221;2%&#8221;][/et_pb_image][/et_pb_column][et_pb_column type=&#8221;1_2&#8243; _builder_version=&#8221;4.7.2&#8243; custom_padding=&#8221;2%||||false|false&#8221; custom_padding__hover=&#8221;|||&#8221;][et_pb_text _builder_version=&#8221;4.7.2&#8243; ul_font=&#8221;||||||||&#8221; ol_font=&#8221;||||||||&#8221; header_2_font=&#8221;EB Garamond||||||||&#8221; header_2_font_size=&#8221;50px&#8221; header_2_line_height=&#8221;1.3em&#8221; header_4_text_color=&#8221;#ffdaa4&#8243; header_5_font=&#8221;||||||||&#8221; header_6_font=&#8221;||||||||&#8221; header_2_font_size_tablet=&#8221;40px&#8221; header_2_font_size_phone=&#8221;30px&#8221; header_2_font_size_last_edited=&#8221;on|phone&#8221; locked=&#8221;off&#8221;]Aquests congressos han estat el germen de l&#8217;associació, ja que va permetre reunir molts investigadors amb interessos comuns i va evidenciar la necessitat d&#8217;una organització estable que fos la responsable de la preparació dels congressos, que fins aquell moment havien respost a una iniciativa bastant espontània. Al congrés celebrat a Salamanca (2004) es va adoptar la decisió de donar els passos per formar l&#8217;Associació per a l&#8217;Estudi de al Desenvolupament del Llenguatge (AEAL). Aprofitant el congrés de l’IASCL a Berlín (2005) vàrem fixar la data per a l&#8217;Assemblea Constituent, que va tenir lloc finalment a Santiago de Compostela el 18 de novembre de 2005. AEAL va ser aprovada pel Ministeri de l&#8217;Interior i registrada en el Registre d&#8217;Associacions el 3 de febrer del 2006.[/et_pb_text][/et_pb_column][/et_pb_row][/et_pb_section]</p>

<p>Orígens d&#8217;AEALUna de les primers fites en la conformació d&#8217;un espai proper de reunió pels que estudiem l&#8217;adquisició del llenguatge es remunta al First International Congress of Applied Psycholinguistics, celebrat a Barcelona al juny de 1985, sota la presidència del Dr. Miguel Siguán. Probablement aquesta va ser la primera ocasió en què vàrem poder contactar [&hellip;]</p>
